 is the highest common factor of z and 639?
71
Let t = -2615 - -2640. What is the greatest common divisor of 3025 and t?
25
Let n(u) be the second derivative of 7*u**5/10 - u**4/4 + u**3/6 - 3*u**2 + 14*u + 6. Let h be n(2). Calculate the highest common divisor of 128 and h.
32
Let g be (38/(-14) - (-2)/(-7))*35/(-7). Calculate the greatest common divisor of 38 and g.
1
Suppose 5*i + 3 - 38 = -5*d, 4*i = 3*d + 7. Let a = 11 - 202. Let y = a - -205. What is the greatest common divisor of i and y?
2
Let l = 5 + 49. Let k be 12/l + 608/18. Let v = -5282 - -5452. What is the greatest common factor of v and k?
34
Let r(v) = -14*v + 37. Let c be r(3). Let i be -12 + (0 - c) - -3 - -7. What is the highest common factor of 1 and i?
1
Let m = -46 - -53. Suppose 12 = 2*l + c, -m*l + 3*l + 24 = 4*c. Let z be 5 - l - -6 - -131. Calculate the highest common factor of z and 17.
17
Let f = 20 + 2. Let w be (-10)/(((-6)/(-16))/(165/(-20))). Suppose 0 = -4*q - 5*h + w, -4*q - h = -0*q - 220. Calculate the greatest common factor of f and q.
11
Suppose 10*l + 90 = 28*l. Suppose -2*c + 94*w - 90*w + 44 = 0, -l*c + 146 = -w. What is the greatest common divisor of 30 and c?
30
Suppose 320 = -5*m - 0*m. Let n be (m/(-6))/(8/180*5). Suppose 0 = -f + 2*f + 2, -2*l = 4*f - 472. Calculate the greatest common factor of n and l.
48
Suppose 18*c = 10*c - 48. Let f be (13860/8)/5*(-8)/c. Calculate the highest common factor of f and 77.
77
Suppose -m - 90 = -12. Let l = -85 - m. Let r(n) = -4*n - 26. Let i be r(l). What is the greatest common factor of i and 3?
1
Let x(h) = -h**3 + 24*h**2 - 23*h - 21. Let b be x(23). Let t be (-6 + 0)/((-6)/b). Let a = 29 + t. What is the highest common divisor of 16 and a?
8
Suppose 95*x = 99*x - 52. Suppose 0 = -3*f - 0*f - 4*q + 20, 10 = -3*f + 2*q. Suppose f = -x*c + 8*c + 225. Calculate the highest common factor of 9 and c.
9
Let v = -13122 + 13416. What is the greatest common factor of v and 18?
6
Let q = 106 - 67. Let l(h) = -324*h + 80041. Let b be l(247). What is the highest common divisor of b and q?
13
Let h be (32/12)/((-14)/(-819)). Suppose q - 83 = -n, -4*n + 5*n = -5*q + 415. Let y = -57 + q. What is the highest common factor of h and y?
26
Let f = -11 + 35. Let y = -152 + 157. Suppose -272 = -y*g + 2*m + 18, 0 = g + 5*m - 85. Calculate the greatest common factor of f and g.
12
Let b(x) = -9 + 15*x + 7*x + x**2 - 18*x. Let w be b(-6). Let g = -28 + 55. What is the highest common divisor of w and g?
3
Let y be (3/2)/((-4)/(-8)). Suppose -6*i = -y*j - 7*i + 16, 0 = -4*j - 3*i + 18. Suppose 0 = -15*m + j*m + 126. What is the greatest common factor of 28 and m?
14
Suppose -778 = 163*o - 2571. What is the highest common factor of 913 and o?
11
Let j be (2/20*-12)/(6/(-10)). Suppose -j*q - 35 = -49. What is the greatest common divisor of q and 371?
7
Let g be 22 - 13/((-52)/(-8)). Suppose -2*l + 368 = -2*s - g, -2*l = -4*s - 380. Calculate the greatest common factor of 22 and l.
22
Suppose -5*i - m + 100 = -79, -m - 1 = 0. Suppose 2*t = c + 244 - i, t - 110 = -c. Calculate the greatest common factor of t and 2.
2
Suppose 0 = -4*c - 37*g + 35*g - 1638, 4*c = 3*g - 1613. Let b = c - -422. Calculate the greatest common divisor of b and 540.
15
Let g(o) = 2*o**2 + 12*o + 3. Let f be g(-6). Suppose 0 = -x - f*a + 9, 13*x + 67 = 16*x - a. Calculate the highest common divisor of 6 and x.
3
Suppose -45888 - 30012 = -10*d. Calculate the highest common factor of 66 and d.
66
Suppose 0 = -2*r - 3*r - 3*s, 5*r - 4*s - 35 = 0. Let h be (r/(-2))/(3/10). Let p be (-80)/(-6) - (2 - h/(-3)). What is the highest common divisor of p and 13?
13
Let q = -2728 - -3014. Calculate the greatest common divisor of 962 and q.
26
Suppose 7*o - d = 4*o + 3, 5*o - d = 3. Suppose -j + 9 - 7 = o. Suppose 495 = 7*q + j*q. Calculate the greatest common divisor of 5 and q.
5
Let o = 499 + -11. Calculate the greatest common divisor of o and 8.
8
Suppose -5*s + 1021 = -4*a, -3*a + 0*s + 3*s = 762. Let t = -219 - a. What is the highest common divisor of t and 255?
15
Suppose 5*u = -4*s + 77, 9 = -4*u - s + 86. Calculate the greatest common factor of u and 2583.
21
Suppose 0 = s + 6, -15*a = -55*s + 52*s - 13923. Calculate the highest common divisor of a and 72.
9
Let r be ((-674219)/26)/(-7) + (-3)/(-6). Calculate the greatest common factor of 65 and r.
65
Suppose -3*v + 12 = 0, -4*a = 5*v - 6*v - 76. Suppose 2*t + 2*n - 12 = -0, 4*t = 2*n + 48. What is the greatest common factor of t and a?
10
Let v be (-90)/(-20) + (-2)/(-4). Suppose 4*f = -4*o + 700, -v*o + 198 = 4*f - 677. What is the greatest common factor of o and 14?
7
Suppose 5*o + 3985 = 6*g, -g + 4*o + 676 = 15. Calculate the highest common divisor of 931 and g.
133
Let m be (255/510)/(2/8 - 0). Suppose -v - 13 = -5*c, 3 = -5*c - 5*v - m. Let l = -2 + 3. What is the highest common factor of c and l?
1
Suppose -748 = -37*q + 140. What is the highest common divisor of q and 17268?
12
Suppose 4*q = -3*g + 13, -2*q + 262 = -3*g + 305. Let j be ((-946)/(-4))/((-1)/(-2)). What is the greatest common divisor of g and j?
11
Suppose -837*o = -831*o - 2988. Suppose 336 = -a - 0*a. Let n = o + a. What is the greatest common divisor of 18 and n?
18
Let m(s) = s**2 - 23*s - 31. Let p be m(-10). Calculate the greatest common factor of p and 91.
13
Let c = -22548 - -56864. What is the greatest common factor of c and 23?
23
Let x(i) = -2*i**2 + 7*i - 10. Let n(t) = -2*t**2 + 6*t - 9. Let b(h) = 2*n(h) - 3*x(h). Let c be b(3). What is the highest common factor of c and 30?
3
Let k = 566 - 1246. Let d be (64/(-20))/(17/k). What is the greatest common factor of d and 8?
8
Let p = 10300 + -10092. What is the greatest common divisor of 247 and p?
13
Suppose 0 = -3*i + 3, -14*c - 2*i = -19*c + 98. What is the highest common divisor of 830 and c?
10
Let z be (104/(-60))/13 - 694/(-30). Let m(w) = -w**3 + 22*w**2 + 24*w + 25. Let i be m(z). What is the greatest common factor of i and 144?
48
Suppose -19*x + 15*x - 44 = 12*a, -x + a = -17. Calculate the highest common factor of x and 7485.
5
Let d be (30/(-9))/((-1)/132). Suppose m - d = -3*z + 159, -4*z + 3*m + 777 = 0. Suppose z = 12*o - 3*o. Calculate the highest common divisor of 11 and o.
11
Suppose -3*d = 2*p - 1290, d + 1 + 1 = 0. Let h = p - 323. Calculate the highest common factor of 25 and h.
25
Let g = -7752 + 8248. Calculate the highest common divisor of g and 80.
16
Suppose 3*i - 300 = -a, -a - 3*a = 0. Suppose 175*o = 933*o - 64130 + 3490. What is the greatest common factor of o and i?
20
Suppose b - 52*n = -51*n + 8, -2*b - n + 25 = 0. Calculate the highest common factor of b and 4939.
11
Let a be ((-105)/28)/(140/(-32) - -4). Let h = 72 - 40. Suppose -a*i + 112 - h = 0. What is the highest common factor of i and 32?
8
Suppose 37*x + 80*x + 5*x = 358680. Calculate the greatest common divisor of 120 and x.
60
Suppose -6*r + 11*r + 575 = a, -4*r - 8 = 0. What is the highest common factor of a and 226?
113
Suppose -q - 2909 = -f, 5*f - 4*f - 2913 = -q. What is the greatest common divisor of 71 and f?
71
Let o be ((-8 + -44)/(-13))/(2/6 + 0). Calculate the highest common factor of 7968 and o.
12
Let s(y) = -6664*y - 5112. Let c be s(-9). What is the highest common divisor of 254 and c?
254
Let t be 8/(-12) + (-14)/(-21). Suppose t = 3*k - 9, -5*b - 16 = -3*k - 57. What is the highest common divisor of b and 10?
10
Suppose -57 - 23 = -5*x. Let l = x + -6. Suppose -4*k = -2*m - 56 - 94, -3*k = -2*m - 110. What is the highest common factor of k and l?
10
Suppose 290 = 2*m - 3*j, 5*j = -7*m + 8*m - 159. Let p = -132 + m. Let a = 48 - 27. What is the highest common divisor of a and p?
7
Suppose 4 = 2*j - 16. Let v = -189 - -216. Let t = v - -63. What is the highest common factor of t and j?
10
Let i = 25616 - 25604. Let l = 193 + -133. Calculate the greatest common divisor of l and i.
12
Let o = 156 + -164. Let g be 69 - o - (4 - -1). What is the highest common factor of 18 and g?
18
Suppose -g = -3*g + 84. Suppose -1987 = 4*p + 5*m, -p - 3*m = -2*m + 498. Let u = p - -566. Calculate the highest common factor of g and u.
21
Let y be (0 + 1)*4/(-2). Let l(r) = -5*r**3 - 2*r**2 + 3*r + 6. Let d be l(y). Suppose 31*c - d*c + 28 = 0. What is the greatest common factor of c and 